lse
Is 4801637 prime?
False
Is 1263539 a composite number?
False
Is 3395867 prime?
True
Is 470737 prime?
False
Is 1159337 composite?
False
Is 224311445 prime?
False
Is 688901393 a prime number?
False
Is 34310989 a composite number?
False
Is 18132899 a composite number?
False
Is 17716331 a prime number?
True
Is 108090193 prime?
False
Is 16758799 a composite number?
True
Is 33367609 a composite number?
True
Is 480030773 a prime number?
True
Is 454012811 prime?
False
Is 489476321 composite?
False
Is 53309617 composite?
False
Is 258213577 prime?
False
Is 58723919 prime?
True
Is 12458827 a prime number?
False
Is 1467727 a prime number?
False
Is 5602451 prime?
True
Is 939073 prime?
False
Is 13919743 composite?
False
Is 206623 a prime number?
True
Is 4679407 prime?
False
Is 1696543 composite?
False
Is 39190289 a prime number?
False
Is 34575403 composite?
True
Is 35459507 composite?
True
Is 3573107 a prime number?
True
Is 239489045 a prime number?
False
Is 24721747 composite?
False
Is 12492058 prime?
False
Is 1620049429 a composite number?
True
Is 73238983 prime?
True
Is 1006594 composite?
True
Is 361785647 prime?
True
Is 1017913 composite?
True
Is 4938923 prime?
False
Is 60893761 composite?
False
Is 557135869 a composite number?
False
Is 17188211 prime?
True
Is 324548233 prime?
True
Is 7112279 a prime number?
False
Is 2723197 prime?
True
Is 294247903 a composite number?
True
Is 40792891 a prime number?
False
Is 4261787 a prime number?
False
Is 44815061 composite?
False
Is 64747357 a prime number?
True
Is 6323393 a prime number?
False
Is 51334141 a composite number?
False
Is 7130329 prime?
True
Is 29843221 composite?
False
Is 39467887 a composite number?
False
Is 3271561 a prime number?
True
Is 1087171 composite?
True
Is 528572183 prime?
False
Is 2485921 a composite number?
True
Is 245696721 a prime number?
False
Is 303281689 prime?
False
Is 374287 prime?
True
Is 6355618 composite?
True
Is 41333 a prime number?
True
Is 156439 a composite number?
True
Is 17331929 a composite number?
False
Is 97616497 prime?
False
Is 5553683 prime?
True
Is 115310237 composite?
True
Is 5007463 prime?
True
Is 7947847 a prime number?
False
Is 749971 composite?
False
Is 662177 a composite number?
False
Is 3046969 prime?
True
Is 6285841 a prime number?
True
Is 14860777 prime?
True
Is 3698797 a composite number?
False
Is 250732817 a prime number?
True
Is 161939137 a composite number?
False
Is 358893367 a composite number?
True
Is 358393195 a prime number?
False
Is 29482249 a prime number?
False
Is 95713759 composite?
True
Is 24522997 a prime number?
True
Is 8135927 composite?
False
Is 86267639 prime?
False
Is 3455999 composite?
False
Is 154530157 prime?
True
Is 30191647 prime?
True
Is 25728609 a prime number?
False
Is 6168761 a composite number?
True
Is 5412133 a composite number?
False
Is 1880897 prime?
False
Is 5273197 a composite number?
False
Is 792837241 a composite number?
True
Is 95984909 a prime number?
False
Is 102310613 a composite number?
True
Is 1497473 a composite number?
True
Is 206155463 composite?
True
Is 1038529 a composite number?
False
Is 613097 a prime number?
True
Is 794819 prime?
False
Is 22527347 a composite number?
False
Is 903898839 a prime number?
False
Is 2918635 composite?
True
Is 3847799 composite?
False
Is 9661703 a prime number?
True
Is 1379389703 prime?
True
Is 539298229 prime?
False
Is 1462481 a prime number?
False
Is 59567533 prime?
False
Is 4120591 a prime number?
False
Is 24347881 a prime number?
False
Is 115644551 a prime number?
False
Is 2274359 prime?
False
Is 143095951 prime?
False
Is 88459157 composite?
False
Is 95332643 prime?
False
Is 16837571 composite?
True
Is 98526451 a prime number?
True
Is 4028953 a prime number?
True
Is 12923007 prime?
False
Is 5556221 a composite number?
True
Is 18305354 prime?
False
Is 46780359 a composite number?
True
Is 2259121 a composite number?
False
Is 4530329 a prime number?
False
Is 2014417 prime?
False
Is 342143251 a composite number?
False
Is 726119 a composite number?
True
Is 96823621 a composite number?
False
Is 4646597 a prime number?
True
Is 16360321 prime?
False
Is 2176039 prime?
True
Is 2688467 prime?
True
Is 144811037 a composite number?
True
Is 228013183 a prime number?
True
Is 131568097 a prime number?
False
Is 126277 a prime number?
False
Is 1371079 a composite number?
False
Is 8261567 prime?
True
Is 475691 a prime number?
True
Is 1527193 composite?
True
Is 7956397 a composite number?
True
Is 106193771 a prime number?
True
Is 89039221 prime?
True
Is 4771727 a prime number?
False
Is 3811711 a composite number?
False
Is 144035 a composite number?
True
Is 158405771 composite?
False
Is 188718097 composite?
False
Is 88932607 prime?
False
Is 6153173 a prime number?
False
Is 166919 composite?
False
Is 26921867 prime?
False
Is 10007993 a composite number?
True
Is 57968821 a prime number?
True
Is 130927 composite?
False
Is 1480597 composite?
False
Is 11602399 prime?
True
Is 174739951 prime?
True
Is 67675019 composite?
False
Is 12651619 a composite number?
False
Is 11184023 composite?
False
Is 127817227 a composite number?
False
Is 200755931 a composite number?
False
Is 5068957 a prime number?
True
Is 4712443 composite?
False
Is 46119917 prime?
False
Is 810961 a prime number?
True
Is 32751821 a composite number?
False
Is 656186 prime?
False
Is 2691979 a composite number?
False
Is 199625269 prime?
False
Is 4070281 composite?
True
Is 14374895 composite?
True
Is 101749691 a composite number?
True
Is 684287 prime?
True
Is 1114003 prime?
False
Is 203417437 a prime number?
True
Is 25751569 prime?
False
Is 80741333 a composite number?
False
Is 158281133 a composite number?
True
Is 7176317 a composite number?
False
Is 742206827 a prime number?
False
Is 90633079 a composite number?
True
Is 78899663 composite?
True
Is 2006549 a prime number?
True
Is 109401577 a composite number?
False
Is 122173267 a prime number?
True
Is 110963 prime?
False
Is 179928523 a prime number?
True
Is 1214027 a prime number?
False
Is 4723517 a composite number?
False
Is 987641 composite?
True
Is 125840909 composite?
True
Is 143707769 a prime number?
True
Is 393823151 a prime number?
True
Is 14975431 composite?
True
Is 35592449 a composite number?
False
Is 140102098 prime?
False
Is 197875853 a composite number?
True
Is 458897029 composite?
False
Is 840450463 a prime number?
True
Is 644489 a composite number?
False
Is 25142305 prime?
False
Is 82578299 a prime number?
False
Is 3698059 a prime number?
False
Is 284039 composite?
True
Is 210673 a prime number?
False
Is 23814143 a composite number?
False
Is 18501149 prime?
True
Is 19219205 prime?
False
Is 1368761 a prime number?
True
Is 43159579 a composite number?
False
Is 901841 composite?
False
Is 15455905 a composite number?
True
Is 24715679 prime?
True
Is 3093947 composite?
False
Is 1820093 prime?
False
Is 16577921 a prime number?
False
Is 14850562 a prime number?
False
Is 1357709 a prime number?
False
Is 34059653 a prime number?
False
Is 1430893 a prime number?
False
Is 27004763 prime?
True
Is 731711 composite?
False
Is 1558189 a prime number?
True
Is 3601743 prime?
False
Is 11952923 a composite number?
True
Is 24038965 prime?
False
Is 4702037 a prime number?
True
Is 63487253 composite?
True
Is 6779419 a composite number?
True
Is 3929089 a prime number?
False
Is 1414181 a prime number?
True
Is 874607887 a composite number?
True
Is 7338949 prime?
False
Is 31743917 prime?
True
Is 274025879 a composite number?
True
Is 8847957 a prime number?
False
Is 20833243 composite?
True
Is 2057291 a composite number?
False
Is 4101653 a prime number?
True
Is 154745047 prime?
True
Is 1536611 a composite number?
False
Is 24757721 a composite number?
False
Is 1689785 composite?
True
Is 87782081 a prime number?
False
Is 54459329 a prime number?
True
Is 382208117 a prime number?
True
Is 4469187 a prime number?
False
Is 285945503 a composite number?
True
Is 11236607 a composite number?
True
Is 62610409 a prime number?
True
Is 162582293 composite?
False
Is 48351817 a composite number?
False
Is 5844669 a prime number?
False
Is 23982187 composite?
False
Is 49469171 a prime number?
True
Is 31760683 composite?
True
Is 9918121 a prime number?
True
Is 115339 a composite number?
True
Is 2203151 a prime number